202.46.55.65 - - [22/Oct/2016:18:48:28 +0200] "GET /mmlquery/fillin.php?entry=BVFUNC_9:10&version=4.181.1147 HTTP/1.1" 200 46068 "-" "Mozilla/5.0 (Windows NT 10.0; WOW64) AppleWebKit/537.36 (KHTML, like Gecko) Chrome/45.0.2454.93 Safari/537.36"
41.73.224.104 - - [22/Oct/2016:18:48:57 +0200] "GET /cgi-bin/mmlquery/get-element?NAT_5:23 HTTP/1.1" 200 1710 "http://mmlquery.mizar.org/mmlquery/fillin.php?filledfilename=mml-facts.mqt&argument=number+102" "Mozilla/5.0 (Windows NT 6.1) AppleWebKit/537.36 (KHTML, like Gecko) Chrome/53.0.2785.143 Safari/537.36"
41.73.224.104 - - [22/Oct/2016:18:49:09 +0200] "GET /mmlquery/fillin.php?entry=string.%27Bezout\\%27s.lemma%27&comment=string+%27Bezout\\%27s+lemma%27 HTTP/1.1" 200 12765 "http://mmlquery.mizar.org/mmlquery/fillin.php?filledfilename=mml-facts.mqt&argument=number+102" "Mozilla/5.0 (Windows NT 6.1) AppleWebKit/537.36 (KHTML, like Gecko) Chrome/53.0.2785.143 Safari/537.36"
41.73.224.104 - - [22/Oct/2016:18:49:08 +0200] "GET /cgi-bin/mmlquery/get-element?NAT_D:68 HTTP/1.1" 200 1298 "http://mmlquery.mizar.org/mmlquery/fillin.php?filledfilename=mml-facts.mqt&argument=number+102" "Mozilla/5.0 (Windows NT 6.1) AppleWebKit/537.36 (KHTML, like Gecko) Chrome/53.0.2785.143 Safari/537.36"
41.73.224.104 - - [22/Oct/2016:18:51:32 +0200] "GET /mmlquery/refresh.php?comment=string+%27Bezout%5C%27s+lemma%27&entry=string.%27Bezout%5C%27s.lemma%27&action= HTTP/1.1" 200 - "http://mmlquery.mizar.org/mmlquery/fillin.php?entry=string.%27Bezout\\%27s.lemma%27&comment=string+%27Bezout\\%27s+lemma%27" "Mozilla/5.0 (Windows NT 6.1) AppleWebKit/537.36 (KHTML, like Gecko) Chrome/53.0.2785.143 Safari/537.36"
41.73.224.104 - - [22/Oct/2016:18:52:02 +0200] "GET /mmlquery/refresh.php?comment=string+%27Bezout%5C%27s+lemma%27&entry=string.%27Bezout%5C%27s.lemma%27&action= HTTP/1.1" 200 - "http://mmlquery.mizar.org/mmlquery/fillin.php?entry=string.%27Bezout\\%27s.lemma%27&comment=string+%27Bezout\\%27s+lemma%27" "Mozilla/5.0 (Windows NT 6.1) AppleWebKit/537.36 (KHTML, like Gecko) Chrome/53.0.2785.143 Safari/537.36"
202.46.56.191 - - [22/Oct/2016:18:53:42 +0200] "GET /cgi-bin/mmlquery/meaning?entry=CAT_6:sel%201 HTTP/1.1" 200 6028 "-" "Mozilla/5.0 (Windows NT 10.0; WOW64) AppleWebKit/537.36 (KHTML, like Gecko) Chrome/45.0.2454.93 Safari/537.36"
202.46.53.42 - - [22/Oct/2016:18:58:55 +0200] "GET /mmlquery/fillin.php?entry=BVFUNC26:72&version=4.181.1147 HTTP/1.1" 200 64439 "-" "Mozilla/5.0 (Windows NT 10.0; WOW64) AppleWebKit/537.36 (KHTML, like Gecko) Chrome/45.0.2454.93 Safari/537.36"
202.46.58.203 - - [22/Oct/2016:19:04:07 +0200] "GET /mmlquery/fillin.php?filledfilename=phparticle.mqt&argument=article+polnot_1 HTTP/1.1" 200 389429 "-" "Mozilla/5.0 (Windows NT 10.0; WOW64) AppleWebKit/537.36 (KHTML, like Gecko) Chrome/45.0.2454.93 Safari/537.36"
68.168.100.72 - - [22/Oct/2016:19:05:32 +0200] "GET /mizarmode/gab/ HTTP/1.1" 404 1182 "http://mmlquery.mizar.org" "Mozilla/5.0 (Windows NT 10.0; Win64; x64) AppleWebKit/537.36 (KHTML, like Gecko) Chrome/54.0.2840.59 Safari/537.36"
68.168.100.72 - - [22/Oct/2016:19:05:32 +0200] "GET /mmlquery/gab/?version=5.33.1254 HTTP/1.1" 200 563 "http://mmlquery.mizar.org" "Mozilla/5.0 (Windows NT 10.0; Win64; x64) AppleWebKit/537.36 (KHTML, like Gecko) Chrome/54.0.2840.59 Safari/537.36"
68.168.100.72 - - [22/Oct/2016:19:05:32 +0200] "GET /mmlquery/gab/ HTTP/1.1" 200 529 "http://mmlquery.mizar.org" "Mozilla/5.0 (Windows NT 10.0; Win64; x64) AppleWebKit/537.36 (KHTML, like Gecko) Chrome/54.0.2840.59 Safari/537.36"
68.168.100.72 - - [22/Oct/2016:19:05:33 +0200] "GET /mmlquery/three.html HTTP/1.1" 200 291 "http://mmlquery.mizar.org" "Mozilla/5.0 (Windows NT 10.0; Win64; x64) AppleWebKit/537.36 (KHTML, like Gecko) Chrome/54.0.2840.59 Safari/537.36"
68.168.100.72 - - [22/Oct/2016:19:05:33 +0200] "GET /mmlquery/inputframe.php HTTP/1.1" 200 17760 "http://mmlquery.mizar.org" "Mozilla/5.0 (Windows NT 10.0; Win64; x64) AppleWebKit/537.36 (KHTML, like Gecko) Chrome/54.0.2840.59 Safari/537.36"
68.168.100.72 - - [22/Oct/2016:19:05:33 +0200] "GET /mmlquery/getdata.php HTTP/1.1" 200 14619 "http://mmlquery.mizar.org" "Mozilla/5.0 (Windows NT 10.0; Win64; x64) AppleWebKit/537.36 (KHTML, like Gecko) Chrome/54.0.2840.59 Safari/537.36"
68.168.100.72 - - [22/Oct/2016:19:05:35 +0200] "GET /mmlquery/explain-env.php HTTP/1.1" 404 1182 "http://mmlquery.mizar.org" "Mozilla/5.0 (Windows NT 10.0; Win64; x64) AppleWebKit/537.36 (KHTML, like Gecko) Chrome/54.0.2840.59 Safari/537.36"
68.168.103.200 - - [22/Oct/2016:19:05:38 +0200] "GET /mmlquery/mmlquery.html HTTP/1.1" 200 148853 "http://mmlquery.mizar.org" "Mozilla/5.0 (Windows NT 10.0; Win64; x64) AppleWebKit/537.36 (KHTML, like Gecko) Chrome/54.0.2840.59 Safari/537.36"
68.168.103.200 - - [22/Oct/2016:19:05:40 +0200] "GET /mmlquery/downloads/ HTTP/1.1" 200 3923 "http://mmlquery.mizar.org" "Mozilla/5.0 (Windows NT 10.0; Win64; x64) AppleWebKit/537.36 (KHTML, like Gecko) Chrome/54.0.2840.59 Safari/537.36"
68.168.103.200 - - [22/Oct/2016:19:05:40 +0200] "GET /mmlquery/mizar-grammar.html HTTP/1.1" 200 161686 "http://mmlquery.mizar.org" "Mozilla/5.0 (Windows NT 10.0; Win64; x64) AppleWebKit/537.36 (KHTML, like Gecko) Chrome/54.0.2840.59 Safari/537.36"
68.168.103.200 - - [22/Oct/2016:19:05:40 +0200] "GET /mmlquery/mizar-grammar.xml HTTP/1.1" 200 44775 "http://mmlquery.mizar.org" "Mozilla/5.0 (Windows NT 10.0; Win64; x64) AppleWebKit/537.36 (KHTML, like Gecko) Chrome/54.0.2840.59 Safari/537.36"
68.168.103.200 - - [22/Oct/2016:19:05:41 +0200] "GET /mmlquery/mizar-grammar.txt HTTP/1.1" 200 13591 "http://mmlquery.mizar.org" "Mozilla/5.0 (Windows NT 10.0; Win64; x64) AppleWebKit/537.36 (KHTML, like Gecko) Chrome/54.0.2840.59 Safari/537.36"
68.168.103.200 - - [22/Oct/2016:19:05:41 +0200] "GET /mmlquery/fillin.php?filledfilename=mml-facts.mqt&argument=number+102 HTTP/1.1" 200 62127 "http://mmlquery.mizar.org" "Mozilla/5.0 (Windows NT 10.0; Win64; x64) AppleWebKit/537.36 (KHTML, like Gecko) Chrome/54.0.2840.59 Safari/537.36"
68.168.103.200 - - [22/Oct/2016:19:05:43 +0200] "GET /mmlquery/fillin.php?entry=BIRKHOFF:sch+12&comment=Birkhoff+Variety+Theorem HTTP/1.1" 200 70710 "http://mmlquery.mizar.org" "Mozilla/5.0 (Windows NT 10.0; Win64; x64) AppleWebKit/537.36 (KHTML, like Gecko) Chrome/54.0.2840.59 Safari/537.36"
68.168.103.200 - - [22/Oct/2016:19:05:45 +0200] "GET /mmlquery/fillin.php?entry=POLYNOM5:74&comment=Fundamental+Theorem+of+Algebra HTTP/1.1" 200 47965 "http://mmlquery.mizar.org" "Mozilla/5.0 (Windows NT 10.0; Win64; x64) AppleWebKit/537.36 (KHTML, like Gecko) Chrome/54.0.2840.59 Safari/537.36"
68.168.101.18 - - [22/Oct/2016:19:05:46 +0200] "GET http://mmlquery.mizar.org/mmlquery/mmlquery.xml HTTP/1.0" 200 87844 "http://mmlquery.mizar.org" "Mozilla/5.0 (Windows NT 10.0; Win64; x64) AppleWebKit/537.36 (KHTML, like Gecko) Chrome/54.0.2840.59 Safari/537.36"
68.168.100.72 - - [22/Oct/2016:19:05:46 +0200] "GET /mmlquery/fillin.php?entry=NAT_3:61&comment=Fundamental+Theorem+of+Arithmetic HTTP/1.1" 200 25007 "http://mmlquery.mizar.org" "Mozilla/5.0 (Windows NT 10.0; Win64; x64) AppleWebKit/537.36 (KHTML, like Gecko) Chrome/54.0.2840.59 Safari/537.36"
68.168.103.200 - - [22/Oct/2016:19:05:47 +0200] "GET /mmlquery/fillin.php?entry=GOEDELCP:38&comment=Goedel+Completeness+Theorem HTTP/1.1" 200 38842 "http://mmlquery.mizar.org" "Mozilla/5.0 (Windows NT 10.0; Win64; x64) AppleWebKit/537.36 (KHTML, like Gecko) Chrome/54.0.2840.59 Safari/537.36"
68.168.100.72 - - [22/Oct/2016:19:05:48 +0200] "GET /mmlquery/fillin.php?entry=ZF_REFLE:20&comment=Reflection+Theorem HTTP/1.1" 200 83831 "http://mmlquery.mizar.org" "Mozilla/5.0 (Windows NT 10.0; Win64; x64) AppleWebKit/537.36 (KHTML, like Gecko) Chrome/54.0.2840.59 Safari/537.36"
68.168.103.200 - - [22/Oct/2016:19:05:49 +0200] "GET /mmlquery/fillin.php?entry=BIRKHOFF:sch.12&comment=BirkhoffVarietyTheorem HTTP/1.1" 200 70706 "http://mmlquery.mizar.org" "Mozilla/5.0 (Windows NT 10.0; Win64; x64) AppleWebKit/537.36 (KHTML, like Gecko) Chrome/54.0.2840.59 Safari/537.36"
68.168.100.72 - - [22/Oct/2016:19:05:50 +0200] "GET /mmlquery/fillin.php?entry=FIB_NUM2:th.71&comment=Carmichael'sTheoremonPrimeDivisors HTTP/1.1" 200 13777 "http://mmlquery.mizar.org" "Mozilla/5.0 (Windows NT 10.0; Win64; x64) AppleWebKit/537.36 (KHTML, like Gecko) Chrome/54.0.2840.59 Safari/537.36"
68.168.103.200 - - [22/Oct/2016:19:05:51 +0200] "GET /mmlquery/fillin.php?entry=article+fcont_2&comment=DarbouxTheorem HTTP/1.1" 200 14059 "http://mmlquery.mizar.org" "Mozilla/5.0 (Windows NT 10.0; Win64; x64) AppleWebKit/537.36 (KHTML, like Gecko) Chrome/54.0.2840.59 Safari/537.36"
68.168.100.72 - - [22/Oct/2016:19:05:51 +0200] "GET /mmlquery/fillin.php?entry=POLYNOM5:th.75&comment=FundamentalTheoremofAlgebra HTTP/1.1" 200 13653 "http://mmlquery.mizar.org" "Mozilla/5.0 (Windows NT 10.0; Win64; x64) AppleWebKit/537.36 (KHTML, like Gecko) Chrome/54.0.2840.59 Safari/537.36"
68.168.103.200 - - [22/Oct/2016:19:05:53 +0200] "GET /mmlquery/fillin.php?entry=NAT_3:th.61&comment=FundamentalTheoremofArithmetic HTTP/1.1" 200 25004 "http://mmlquery.mizar.org" "Mozilla/5.0 (Windows NT 10.0; Win64; x64) AppleWebKit/537.36 (KHTML, like Gecko) Chrome/54.0.2840.59 Safari/537.36"
68.168.100.72 - - [22/Oct/2016:19:05:53 +0200] "GET /mmlquery/fillin.php?entry=GOEDELCP:th.38&comment=GoedelCompletenessTheorem HTTP/1.1" 200 38841 "http://mmlquery.mizar.org" "Mozilla/5.0 (Windows NT 10.0; Win64; x64) AppleWebKit/537.36 (KHTML, like Gecko) Chrome/54.0.2840.59 Safari/537.36"
68.168.103.200 - - [22/Oct/2016:19:05:55 +0200] "GET /mmlquery/fillin.php?entry=HAHNBAN:th.37&comment=Hahn-BanachTheorem HTTP/1.1" 200 13730 "http://mmlquery.mizar.org" "Mozilla/5.0 (Windows NT 10.0; Win64; x64) AppleWebKit/537.36 (KHTML, like Gecko) Chrome/54.0.2840.59 Safari/537.36"
68.168.100.72 - - [22/Oct/2016:19:05:55 +0200] "GET /mmlquery/fillin.php?entry=HAHNBAN1:th.36&comment=Hahn-BanachTheorem(complex) HTTP/1.1" 200 13662 "http://mmlquery.mizar.org" "Mozilla/5.0 (Windows NT 10.0; Win64; x64) AppleWebKit/537.36 (KHTML, like Gecko) Chrome/54.0.2840.59 Safari/537.36"
68.168.100.72 - - [22/Oct/2016:19:05:57 +0200] "GET /mmlquery/fillin.php?entry=article+fcont_1&comment=WeierstrassTheorem HTTP/1.1" 200 14169 "http://mmlquery.mizar.org" "Mozilla/5.0 (Windows NT 10.0; Win64; x64) AppleWebKit/537.36 (KHTML, like Gecko) Chrome/54.0.2840.59 Safari/537.36"
68.168.101.18 - - [22/Oct/2016:19:05:57 +0200] "GET http://mmlquery.mizar.org/mmlquery/fillin.php?entry=JORDAN:99&comment=Jordan+Curve+Theorem HTTP/1.0" 200 32136 "http://mmlquery.mizar.org" "Mozilla/5.0 (Windows NT 10.0; Win64; x64) AppleWebKit/537.36 (KHTML, like Gecko) Chrome/54.0.2840.59 Safari/537.36"
68.168.103.200 - - [22/Oct/2016:19:05:57 +0200] "GET /mmlquery/fillin.php?entry=HALLMAR1:th.32&comment=HallMarriageTheorem HTTP/1.1" 200 27538 "http://mmlquery.mizar.org" "Mozilla/5.0 (Windows NT 10.0; Win64; x64) AppleWebKit/537.36 (KHTML, like Gecko) Chrome/54.0.2840.59 Safari/537.36"
68.168.100.72 - - [22/Oct/2016:19:06:00 +0200] "GET /mmlquery/fillin.php?filledfilename=100theorems.mqt&argument=number+1 HTTP/1.1" 200 49717 "http://mmlquery.mizar.org" "Mozilla/5.0 (Windows NT 10.0; Win64; x64) AppleWebKit/537.36 (KHTML, like Gecko) Chrome/54.0.2840.59 Safari/537.36"
68.168.100.72 - - [22/Oct/2016:19:06:03 +0200] "GET /mmlquery/fillin.php?filledfilename=start.latest30articles.mqt&argument=number+1 HTTP/1.1" 200 69016 "http://mmlquery.mizar.org" "Mozilla/5.0 (Windows NT 10.0; Win64; x64) AppleWebKit/537.36 (KHTML, like Gecko) Chrome/54.0.2840.59 Safari/537.36"
68.168.100.72 - - [22/Oct/2016:19:06:05 +0200] "GET /mmlquery/fillin.php?filledfilename=authors.mqt&argument=number+1 HTTP/1.1" 200 81703 "http://mmlquery.mizar.org" "Mozilla/5.0 (Windows NT 10.0; Win64; x64) AppleWebKit/537.36 (KHTML, like Gecko) Chrome/54.0.2840.59 Safari/537.36"
68.168.103.200 - - [22/Oct/2016:19:06:00 +0200] "GET /mmlquery/fillin.php?filledfilename=start.new.mqt&argument=number+1 HTTP/1.1" 200 20485 "http://mmlquery.mizar.org" "Mozilla/5.0 (Windows NT 10.0; Win64; x64) AppleWebKit/537.36 (KHTML, like Gecko) Chrome/54.0.2840.59 Safari/537.36"
68.168.103.200 - - [22/Oct/2016:19:06:09 +0200] "GET /mmlquery/fillin.php?filledfilename=phppopular.theorems&argument=number+1 HTTP/1.1" 200 54377 "http://mmlquery.mizar.org" "Mozilla/5.0 (Windows NT 10.0; Win64; x64) AppleWebKit/537.36 (KHTML, like Gecko) Chrome/54.0.2840.59 Safari/537.36"
68.168.101.18 - - [22/Oct/2016:19:06:10 +0200] "GET http://mmlquery.mizar.org/mmlquery/fillin.php?filledfilename=start.main.mqt&argument=number+1 HTTP/1.0" 200 15284 "http://mmlquery.mizar.org" "Mozilla/5.0 (Windows NT 10.0; Win64; x64) AppleWebKit/537.36 (KHTML, like Gecko) Chrome/54.0.2840.59 Safari/537.36"
68.168.100.72 - - [22/Oct/2016:19:06:08 +0200] "GET /mmlquery/fillin.php?filledfilename=articles.author.mqt&argument=number+1 HTTP/1.1" 200 4406123 "http://mmlquery.mizar.org" "Mozilla/5.0 (Windows NT 10.0; Win64; x64) AppleWebKit/537.36 (KHTML, like Gecko) Chrome/54.0.2840.59 Safari/537.36"
68.168.103.200 - - [22/Oct/2016:19:06:11 +0200] "GET /mmlquery/fillin.php?filledfilename=phpworst.proofs&argument=number+1 HTTP/1.1" 200 251326 "http://mmlquery.mizar.org" "Mozilla/5.0 (Windows NT 10.0; Win64; x64) AppleWebKit/537.36 (KHTML, like Gecko) Chrome/54.0.2840.59 Safari/537.36"
68.168.103.200 - - [22/Oct/2016:19:06:14 +0200] "GET /mmlquery/fillin.php?filledfilename=phpbiggest.condregs&argument=number+1 HTTP/1.1" 200 105812 "http://mmlquery.mizar.org" "Mozilla/5.0 (Windows NT 10.0; Win64; x64) AppleWebKit/537.36 (KHTML, like Gecko) Chrome/54.0.2840.59 Safari/537.36"
68.168.100.72 - - [22/Oct/2016:19:06:15 +0200] "GET /mmlquery/fillin.php?filledfilename=phpbiggest.funcregs&argument=number+1 HTTP/1.1" 200 196375 "http://mmlquery.mizar.org" "Mozilla/5.0 (Windows NT 10.0; Win64; x64) AppleWebKit/537.36 (KHTML, like Gecko) Chrome/54.0.2840.59 Safari/537.36"
68.168.103.200 - - [22/Oct/2016:19:06:16 +0200] "GET /mmlquery/fillin.php?filledfilename=phplargest.term.in.funcreg&argument=number+1 HTTP/1.1" 200 177538 "http://mmlquery.mizar.org" "Mozilla/5.0 (Windows NT 10.0; Win64; x64) AppleWebKit/537.36 (KHTML, like Gecko) Chrome/54.0.2840.59 Safari/537.36"
68.168.100.72 - - [22/Oct/2016:19:06:19 +0200] "GET /mmlquery/fillin.php?filledfilename=phplongest.widening&argument=number+1 HTTP/1.1" 200 145306 "http://mmlquery.mizar.org" "Mozilla/5.0 (Windows NT 10.0; Win64; x64) AppleWebKit/537.36 (KHTML, like Gecko) Chrome/54.0.2840.59 Safari/537.36"
68.168.103.200 - - [22/Oct/2016:19:06:19 +0200] "GET /mmlquery/fillin.php?filledfilename=phplargest.struct&argument=number+1 HTTP/1.1" 200 317532 "http://mmlquery.mizar.org" "Mozilla/5.0 (Windows NT 10.0; Win64; x64) AppleWebKit/537.36 (KHTML, like Gecko) Chrome/54.0.2840.59 Safari/537.36"
68.168.100.72 - - [22/Oct/2016:19:06:21 +0200] "GET /mmlquery/fillin.php?filledfilename=popular.symbols.mqt&argument=number+1 HTTP/1.1" 200 58232 "http://mmlquery.mizar.org" "Mozilla/5.0 (Windows NT 10.0; Win64; x64) AppleWebKit/537.36 (KHTML, like Gecko) Chrome/54.0.2840.59 Safari/537.36"
68.168.103.200 - - [22/Oct/2016:19:06:22 +0200] "GET /mmlquery/fillin.php?filledfilename=xSetTheory.mqt&argument=number+1 HTTP/1.1" 200 18426 "http://mmlquery.mizar.org" "Mozilla/5.0 (Windows NT 10.0; Win64; x64) AppleWebKit/537.36 (KHTML, like Gecko) Chrome/54.0.2840.59 Safari/537.36"
68.168.103.200 - - [22/Oct/2016:19:06:24 +0200] "GET /mmlquery/xml/mizar-process.xml HTTP/1.1" 404 1182 "http://mmlquery.mizar.org" "Mozilla/5.0 (Windows NT 10.0; Win64; x64) AppleWebKit/537.36 (KHTML, like Gecko) Chrome/54.0.2840.59 Safari/537.36"
68.168.103.200 - - [22/Oct/2016:19:06:24 +0200] "GET /mmlquery/xml/mizar-process.html HTTP/1.1" 404 1182 "http://mmlquery.mizar.org" "Mozilla/5.0 (Windows NT 10.0; Win64; x64) AppleWebKit/537.36 (KHTML, like Gecko) Chrome/54.0.2840.59 Safari/537.36"
68.168.100.72 - - [22/Oct/2016:19:06:23 +0200] "GET /mmlquery/fillin.php?filledfilename=t.mqt&argument=number+1 HTTP/1.1" 200 457087 "http://mmlquery.mizar.org" "Mozilla/5.0 (Windows NT 10.0; Win64; x64) AppleWebKit/537.36 (KHTML, like Gecko) Chrome/54.0.2840.59 Safari/537.36"
68.168.101.18 - - [22/Oct/2016:19:06:22 +0200] "GET http://mmlquery.mizar.org/mmlquery/fillin.php?filledfilename=phpbiggest.exregs&argument=number+1 HTTP/1.0" 200 243332 "http://mmlquery.mizar.org" "Mozilla/5.0 (Windows NT 10.0; Win64; x64) AppleWebKit/537.36 (KHTML, like Gecko) Chrome/54.0.2840.59 Safari/537.36"
68.168.100.72 - - [22/Oct/2016:19:06:27 +0200] "GET /mirror/library/ HTTP/1.1" 404 1182 "http://mmlquery.mizar.org" "Mozilla/5.0 (Windows NT 10.0; Win64; x64) AppleWebKit/537.36 (KHTML, like Gecko) Chrome/54.0.2840.59 Safari/537.36"
68.168.100.72 - - [22/Oct/2016:19:06:27 +0200] "GET /mmlquery/fillin.php?filledfilename=articles.mqt&argument=number+1 HTTP/1.1" 200 2549460 "http://mmlquery.mizar.org" "Mozilla/5.0 (Windows NT 10.0; Win64; x64) AppleWebKit/537.36 (KHTML, like Gecko) Chrome/54.0.2840.59 Safari/537.36"
68.168.100.72 - - [22/Oct/2016:19:06:32 +0200] "GET /mmlquery/fillin.php?filledfilename=theorems.mqt&argument=number+1 HTTP/1.1" 200 146062 "http://mmlquery.mizar.org" "Mozilla/5.0 (Windows NT 10.0; Win64; x64) AppleWebKit/537.36 (KHTML, like Gecko) Chrome/54.0.2840.59 Safari/537.36"
68.168.100.72 - - [22/Oct/2016:19:06:34 +0200] "GET /mmlquery/fillin.php?filledfilename=definitions.mqt&argument=number+1 HTTP/1.1" 200 149060 "http://mmlquery.mizar.org" "Mozilla/5.0 (Windows NT 10.0; Win64; x64) AppleWebKit/537.36 (KHTML, like Gecko) Chrome/54.0.2840.59 Safari/537.36"
68.168.103.200 - - [22/Oct/2016:19:06:35 +0200] "GET /mmlquery/fillin.php?filledfilename=schemes.mqt&argument=number+1 HTTP/1.1" 200 37655 "http://mmlquery.mizar.org" "Mozilla/5.0 (Windows NT 10.0; Win64; x64) AppleWebKit/537.36 (KHTML, like Gecko) Chrome/54.0.2840.59 Safari/537.36"
68.168.100.72 - - [22/Oct/2016:19:06:37 +0200] "GET /mmlquery/fillin.php?filledfilename=registrations.mqt&argument=number+1 HTTP/1.1" 200 126954 "http://mmlquery.mizar.org" "Mozilla/5.0 (Windows NT 10.0; Win64; x64) AppleWebKit/537.36 (KHTML, like Gecko) Chrome/54.0.2840.59 Safari/537.36"
68.168.103.200 - - [22/Oct/2016:19:06:37 +0200] "GET /mmlquery/fillin.php?filledfilename=symbols.mqt&argument=number+1 HTTP/1.1" 200 12763 "http://mmlquery.mizar.org" "Mozilla/5.0 (Windows NT 10.0; Win64; x64) AppleWebKit/537.36 (KHTML, like Gecko) Chrome/54.0.2840.59 Safari/537.36"
68.168.103.200 - - [22/Oct/2016:19:06:39 +0200] "GET /mmlquery/fillin.php?filledfilename=statistics.mqt&argument=number+1&version=5.33.1254 HTTP/1.1" 200 13994 "http://mmlquery.mizar.org" "Mozilla/5.0 (Windows NT 10.0; Win64; x64) AppleWebKit/537.36 (KHTML, like Gecko) Chrome/54.0.2840.59 Safari/537.36"
68.168.100.72 - - [22/Oct/2016:19:06:39 +0200] "GET /mmlquery/fillin.php?filledfilename=authors_impact.mqt&argument=number+1 HTTP/1.1" 200 108197 "http://mmlquery.mizar.org" "Mozilla/5.0 (Windows NT 10.0; Win64; x64) AppleWebKit/537.36 (KHTML, like Gecko) Chrome/54.0.2840.59 Safari/537.36"
68.168.103.200 - - [22/Oct/2016:19:06:41 +0200] "GET /mmlquery/fillin.php?entry=GROUP_1A:193&comment=Lagrange+theorem+for+addGroups HTTP/1.1" 200 35851 "http://mmlquery.mizar.org" "Mozilla/5.0 (Windows NT 10.0; Win64; x64) AppleWebKit/537.36 (KHTML, like Gecko) Chrome/54.0.2840.59 Safari/537.36"
68.168.103.200 - - [22/Oct/2016:19:06:42 +0200] "GET /mmlquery/fillin.php?entry=DIOPHAN1:38&comment=Dirichlet's+approximation+theorem HTTP/1.1" 200 41272 "http://mmlquery.mizar.org" "Mozilla/5.0 (Windows NT 10.0; Win64; x64) AppleWebKit/537.36 (KHTML, like Gecko) Chrome/54.0.2840.59 Safari/537.36"
68.168.100.72 - - [22/Oct/2016:19:06:42 +0200] "GET /mmlquery/fillin.php?filledfilename=author_articles.mqt&argument=string'Coghetto,Roland' HTTP/1.1" 200 12960 "http://mmlquery.mizar.org" "Mozilla/5.0 (Windows NT 10.0; Win64; x64) AppleWebKit/537.36 (KHTML, like Gecko) Chrome/54.0.2840.59 Safari/537.36"
68.168.103.200 - - [22/Oct/2016:19:06:45 +0200] "GET /mmlquery/fillin.php?entry=EULRPART:16&comment=Euler's+partition+theorem HTTP/1.1" 200 26242 "http://mmlquery.mizar.org" "Mozilla/5.0 (Windows NT 10.0; Win64; x64) AppleWebKit/537.36 (KHTML, like Gecko) Chrome/54.0.2840.59 Safari/537.36"
68.168.100.72 - - [22/Oct/2016:19:06:45 +0200] "GET /mmlquery/fillin.php?filledfilename=author_articles.mqt&argument=string'Watase,Yasushige' HTTP/1.1" 200 12962 "http://mmlquery.mizar.org" "Mozilla/5.0 (Windows NT 10.0; Win64; x64) AppleWebKit/537.36 (KHTML, like Gecko) Chrome/54.0.2840.59 Safari/537.36"
68.168.100.72 - - [22/Oct/2016:19:06:48 +0200] "GET /mmlquery/fillin.php?entry=EUCLID11:22&comment=Morley's+trisector+theorem HTTP/1.1" 200 47810 "http://mmlquery.mizar.org" "Mozilla/5.0 (Windows NT 10.0; Win64; x64) AppleWebKit/537.36 (KHTML, like Gecko) Chrome/54.0.2840.59 Safari/537.36"
68.168.103.200 - - [22/Oct/2016:19:06:47 +0200] "GET /mmlquery/fillin.php?filledfilename=author_articles.mqt&argument=string'Pak,Karol' HTTP/1.1" 200 12948 "http://mmlquery.mizar.org" "Mozilla/5.0 (Windows NT 10.0; Win64; x64) AppleWebKit/537.36 (KHTML, like Gecko) Chrome/54.0.2840.59 Safari/537.36"
68.168.101.18 - - [22/Oct/2016:19:06:49 +0200] "GET http://mmlquery.mizar.org/mmlquery/fillin.php?filledfilename=xSetTheory.TG.mqt&argument=number+1&version=4.117.1046 HTTP/1.0" 200 38470 "http://mmlquery.mizar.org" "Mozilla/5.0 (Windows NT 10.0; Win64; x64) AppleWebKit/537.36 (KHTML, like Gecko) Chrome/54.0.2840.59 Safari/537.36"
68.168.103.200 - - [22/Oct/2016:19:06:51 +0200] "GET /mmlquery/fillin.php?entry=MFOLD_0:9&comment=Topological+Invariance+of+Dimension+of+Locally+Euclidean+Spaces HTTP/1.1" 200 27974 "http://mmlquery.mizar.org" "Mozilla/5.0 (Windows NT 10.0; Win64; x64) AppleWebKit/537.36 (KHTML, like Gecko) Chrome/54.0.2840.59 Safari/537.36"
68.168.100.72 - - [22/Oct/2016:19:06:51 +0200] "GET /mmlquery/fillin.php?entry=MFOLD_0:2&comment=Boundary+Points+of+Locally+Euclidean+Spaces HTTP/1.1" 200 65947 "http://mmlquery.mizar.org" "Mozilla/5.0 (Windows NT 10.0; Win64; x64) AppleWebKit/537.36 (KHTML, like Gecko) Chrome/54.0.2840.59 Safari/537.36"
68.168.100.72 - - [22/Oct/2016:19:06:54 +0200] "GET /mmlquery/fillin.php?entry=BALLOT_1:28&comment=Bertrand's+Ballot+Theorem HTTP/1.1" 200 42875 "http://mmlquery.mizar.org" "Mozilla/5.0 (Windows NT 10.0; Win64; x64) AppleWebKit/537.36 (KHTML, like Gecko) Chrome/54.0.2840.59 Safari/537.36"
68.168.103.200 - - [22/Oct/2016:19:06:54 +0200] "GET /mmlquery/fillin.php?filledfilename=author_articles.mqt&argument=string'Naumowicz,Adam' HTTP/1.1" 200 12958 "http://mmlquery.mizar.org" "Mozilla/5.0 (Windows NT 10.0; Win64; x64) AppleWebKit/537.36 (KHTML, like Gecko) Chrome/54.0.2840.59 Safari/537.36"
68.168.100.72 - - [22/Oct/2016:19:06:56 +0200] "GET /mmlquery/fillin.php?entry=NAT_6:43&comment=Pepin's+theorem HTTP/1.1" 200 28111 "http://mmlquery.mizar.org" "Mozilla/5.0 (Windows NT 10.0; Win64; x64) AppleWebKit/537.36 (KHTML, like Gecko) Chrome/54.0.2840.59 Safari/537.36"
68.168.103.200 - - [22/Oct/2016:19:06:57 +0200] "GET /mmlquery/fillin.php?filledfilename=author_articles.mqt&argument=string'Schwarzweller,Christoph' HTTP/1.1" 200 12976 "http://mmlquery.mizar.org" "Mozilla/5.0 (Windows NT 10.0; Win64; x64) AppleWebKit/537.36 (KHTML, like Gecko) Chrome/54.0.2840.59 Safari/537.36"
68.168.100.72 - - [22/Oct/2016:19:06:59 +0200] "GET /mmlquery/fillin.php?entry=NAT_6:40&comment=Proth's+theorem HTTP/1.1" 200 30158 "http://mmlquery.mizar.org" "Mozilla/5.0 (Windows NT 10.0; Win64; x64) AppleWebKit/537.36 (KHTML, like Gecko) Chrome/54.0.2840.59 Safari/537.36"
68.168.103.200 - - [22/Oct/2016:19:07:00 +0200] "GET /mmlquery/fillin.php?entry=NAT_6:31&comment=Euler's+criterion HTTP/1.1" 200 33655 "http://mmlquery.mizar.org" "Mozilla/5.0 (Windows NT 10.0; Win64; x64) AppleWebKit/537.36 (KHTML, like Gecko) Chrome/54.0.2840.59 Safari/537.36"
68.168.100.72 - - [22/Oct/2016:19:07:01 +0200] "GET /mmlquery/fillin.php?entry=NAT_6:21&comment=Pocklington's+theorem HTTP/1.1" 200 46988 "http://mmlquery.mizar.org" "Mozilla/5.0 (Windows NT 10.0; Win64; x64) AppleWebKit/537.36 (KHTML, like Gecko) Chrome/54.0.2840.59 Safari/537.36"
68.168.103.200 - - [22/Oct/2016:19:07:02 +0200] "GET /mmlquery/fillin.php?entry=LAGRA4SQ:18&comment=Lagrange's+four-square+theorem HTTP/1.1" 200 22688 "http://mmlquery.mizar.org" "Mozilla/5.0 (Windows NT 10.0; Win64; x64) AppleWebKit/537.36 (KHTML, like Gecko) Chrome/54.0.2840.59 Safari/537.36"
68.168.101.18 - - [22/Oct/2016:19:07:02 +0200] "GET http://mmlquery.mizar.org/mmlquery/fillin.php?entry=GRAPH_3A:5&comment=Seven+Bridges+of+K\xc3\xb6nigsberg HTTP/1.0" 200 23714 "http://mmlquery.mizar.org" "Mozilla/5.0 (Windows NT 10.0; Win64; x64) AppleWebKit/537.36 (KHTML, like Gecko) Chrome/54.0.2840.59 Safari/537.36"
68.168.100.72 - - [22/Oct/2016:19:07:03 +0200] "GET /mmlquery/fillin.php?entry=ROUGHS_4:20&comment=Kuratowski's+closure-complement+problem HTTP/1.1" 200 42599 "http://mmlquery.mizar.org" "Mozilla/5.0 (Windows NT 10.0; Win64; x64) AppleWebKit/537.36 (KHTML, like Gecko) Chrome/54.0.2840.59 Safari/537.36"
68.168.103.200 - - [22/Oct/2016:19:07:04 +0200] "GET /mmlquery/fillin.php?filledfilename=author_articles.mqt&argument=string'Grabowski,Adam' HTTP/1.1" 200 12958 "http://mmlquery.mizar.org" "Mozilla/5.0 (Windows NT 10.0; Win64; x64) AppleWebKit/537.36 (KHTML, like Gecko) Chrome/54.0.2840.59 Safari/537.36"
68.168.100.72 - - [22/Oct/2016:19:07:06 +0200] "GET /mmlquery/fillin.php?filledfilename=author_articles.mqt&argument=string'Narita,Keiko' HTTP/1.1" 200 12954 "http://mmlquery.mizar.org" "Mozilla/5.0 (Windows NT 10.0; Win64; x64) AppleWebKit/537.36 (KHTML, like Gecko) Chrome/54.0.2840.59 Safari/537.36"
68.168.103.200 - - [22/Oct/2016:19:07:07 +0200] "GET /mmlquery/fillin.php?filledfilename=author_articles.mqt&argument=string'Endou,Noboru' HTTP/1.1" 200 12954 "http://mmlquery.mizar.org" "Mozilla/5.0 (Windows NT 10.0; Win64; x64) AppleWebKit/537.36 (KHTML, like Gecko) Chrome/54.0.2840.59 Safari/537.36"
68.168.103.200 - - [22/Oct/2016:19:07:11 +0200] "GET /mmlquery/fillin.php?entry=BROUWER3:7&comment=The+Small+Inductive+Dimension+of+the+Sphere HTTP/1.1" 200 42667 "http://mmlquery.mizar.org" "Mozilla/5.0 (Windows NT 10.0; Win64; x64) AppleWebKit/537.36 (KHTML, like Gecko) Chrome/54.0.2840.59 Safari/537.36"
68.168.100.72 - - [22/Oct/2016:19:07:09 +0200] "GET /mmlquery/fillin.php?filledfilename=author_articles.mqt&argument=string'Shidama,Yasunari' HTTP/1.1" 200 12962 "http://mmlquery.mizar.org" "Mozilla/5.0 (Windows NT 10.0; Win64; x64) AppleWebKit/537.36 (KHTML, like Gecko) Chrome/54.0.2840.59 Safari/537.36"
68.168.100.72 - - [22/Oct/2016:19:07:14 +0200] "GET /mmlquery/fillin.php?entry=TIETZE_2:25&comment=The+Second+Implication HTTP/1.1" 200 80622 "http://mmlquery.mizar.org" "Mozilla/5.0 (Windows NT 10.0; Win64; x64) AppleWebKit/537.36 (KHTML, like Gecko) Chrome/54.0.2840.59 Safari/537.36"
68.168.103.200 - - [22/Oct/2016:19:07:14 +0200] "GET /mmlquery/fillin.php?entry=TIETZE_2:24&comment=The+First+Implication HTTP/1.1" 200 67762 "http://mmlquery.mizar.org" "Mozilla/5.0 (Windows NT 10.0; Win64; x64) AppleWebKit/537.36 (KHTML, like Gecko) Chrome/54.0.2840.59 Safari/537.36"
68.168.101.18 - - [22/Oct/2016:19:07:15 +0200] "GET http://mmlquery.mizar.org/mmlquery/fillin.php?entry=DUALSP01:37&comment=Hahn-Banach's+extension+theorem+(real+normed+spaces) HTTP/1.0" 200 110083 "http://mmlquery.mizar.org" "Mozilla/5.0 (Windows NT 10.0; Win64; x64) AppleWebKit/537.36 (KHTML, like Gecko) Chrome/54.0.2840.59 Safari/537.36"
68.168.100.72 - - [22/Oct/2016:19:07:16 +0200] "GET /fillin.php?filledfilename=hints.mqt&argument=number+1 HTTP/1.1" 200 9051 "http://mmlquery.mizar.org" "Mozilla/5.0 (Windows NT 10.0; Win64; x64) AppleWebKit/537.36 (KHTML, like Gecko) Chrome/54.0.2840.59 Safari/537.36"
68.168.103.200 - - [22/Oct/2016:19:07:16 +0200] "GET /mmlquery/fillin.php?filledfilename=articles.hist.mqt&argument=number+1 HTTP/1.1" 200 2547261 "http://mmlquery.mizar.org" "Mozilla/5.0 (Windows NT 10.0; Win64; x64) AppleWebKit/537.36 (KHTML, like Gecko) Chrome/54.0.2840.59 Safari/537.36"
68.168.100.72 - - [22/Oct/2016:19:07:18 +0200] "GET /mmlquery/fillin.php?filledfilename=articles.title.mqt&argument=number+1 HTTP/1.1" 200 2529924 "http://mmlquery.mizar.org" "Mozilla/5.0 (Windows NT 10.0; Win64; x64) AppleWebKit/537.36 (KHTML, like Gecko) Chrome/54.0.2840.59 Safari/537.36"
68.168.103.200 - - [22/Oct/2016:19:07:23 +0200] "GET /mmlquery/fillin.php?filledfilename=mml-facts.decoded.mqt&argument=number+1 HTTP/1.1" 200 12850 "http://mmlquery.mizar.org" "Mozilla/5.0 (Windows NT 10.0; Win64; x64) AppleWebKit/537.36 (KHTML, like Gecko) Chrome/54.0.2840.59 Safari/537.36"
68.168.100.72 - - [22/Oct/2016:19:07:24 +0200] "GET /mmlquery/fillin.php?filledfilename=phppopular.theorems&argument=number+1&version=5.33.1254 HTTP/1.1" 200 54432 "http://mmlquery.mizar.org" "Mozilla/5.0 (Windows NT 10.0; Win64; x64) AppleWebKit/537.36 (KHTML, like Gecko) Chrome/54.0.2840.59 Safari/537.36"
68.168.103.200 - - [22/Oct/2016:19:07:25 +0200] "GET /mmlquery/fillin.php?filledfilename=phpworst.proofs&argument=number+1&version=5.33.1254 HTTP/1.1" 200 251381 "http://mmlquery.mizar.org" "Mozilla/5.0 (Windows NT 10.0; Win64; x64) AppleWebKit/537.36 (KHTML, like Gecko) Chrome/54.0.2840.59 Safari/537.36"
68.168.100.72 - - [22/Oct/2016:19:07:27 +0200] "GET /mmlquery/fillin.php?filledfilename=phpbiggest.exregs&argument=number+1&version=5.33.1254 HTTP/1.1" 200 243387 "http://mmlquery.mizar.org" "Mozilla/5.0 (Windows NT 10.0; Win64; x64) AppleWebKit/537.36 (KHTML, like Gecko) Chrome/54.0.2840.59 Safari/537.36"
68.168.103.200 - - [22/Oct/2016:19:07:28 +0200] "GET /mmlquery/fillin.php?filledfilename=phpbiggest.condregs&argument=number+1&version=5.33.1254 HTTP/1.1" 200 105867 "http://mmlquery.mizar.org" "Mozilla/5.0 (Windows NT 10.0; Win64; x64) AppleWebKit/537.36 (KHTML, like Gecko) Chrome/54.0.2840.59 Safari/537.36"
68.168.100.72 - - [22/Oct/2016:19:07:29 +0200] "GET /mmlquery/fillin.php?filledfilename=phpbiggest.funcregs&argument=number+1&version=5.33.1254 HTTP/1.1" 200 196430 "http://mmlquery.mizar.org" "Mozilla/5.0 (Windows NT 10.0; Win64; x64) AppleWebKit/537.36 (KHTML, like Gecko) Chrome/54.0.2840.59 Safari/537.36"
68.168.101.18 - - [22/Oct/2016:19:07:28 +0200] "GET http://mmlquery.mizar.org/mmlquery/fillin.php?filledfilename=articles.abc.mqt&argument=number+1 HTTP/1.0" 200 2547674 "http://mmlquery.mizar.org" "Mozilla/5.0 (Windows NT 10.0; Win64; x64) AppleWebKit/537.36 (KHTML, like Gecko) Chrome/54.0.2840.59 Safari/537.36"
68.168.103.200 - - [22/Oct/2016:19:07:31 +0200] "GET /mmlquery/fillin.php?filledfilename=phplongest.widening&argument=number+1&version=5.33.1254 HTTP/1.1" 200 145361 "http://mmlquery.mizar.org" "Mozilla/5.0 (Windows NT 10.0; Win64; x64) AppleWebKit/537.36 (KHTML, like Gecko) Chrome/54.0.2840.59 Safari/537.36"
68.168.100.72 - - [22/Oct/2016:19:07:32 +0200] "GET /mmlquery/fillin.php?filledfilename=phplargest.struct&argument=number+1&version=5.33.1254 HTTP/1.1" 200 317587 "http://mmlquery.mizar.org" "Mozilla/5.0 (Windows NT 10.0; Win64; x64) AppleWebKit/537.36 (KHTML, like Gecko) Chrome/54.0.2840.59 Safari/537.36"
68.168.103.200 - - [22/Oct/2016:19:07:34 +0200] "GET /mmlquery/fillin.php?filledfilename=redundant.symbols.mqt&argument=number+1 HTTP/1.1" 200 20678 "http://mmlquery.mizar.org" "Mozilla/5.0 (Windows NT 10.0; Win64; x64) AppleWebKit/537.36 (KHTML, like Gecko) Chrome/54.0.2840.59 Safari/537.36"
68.168.100.72 - - [22/Oct/2016:19:07:35 +0200] "GET /cgi-bin/mmlquery/emacs_search?article=cat_8&input=list+of+item+from+cat_8 HTTP/1.1" 200 387 "http://mmlquery.mizar.org" "Mozilla/5.0 (Windows NT 10.0; Win64; x64) AppleWebKit/537.36 (KHTML, like Gecko) Chrome/54.0.2840.59 Safari/537.36"
68.168.103.200 - - [22/Oct/2016:19:07:35 +0200] "GET /mmlquery/fillin.php?filledfilename=phparticle.mqt&argument=article+cat_8 HTTP/1.1" 200 380254 "http://mmlquery.mizar.org" "Mozilla/5.0 (Windows NT 10.0; Win64; x64) AppleWebKit/537.36 (KHTML, like Gecko) Chrome/54.0.2840.59 Safari/537.36"
68.168.100.72 - - [22/Oct/2016:19:07:35 +0200] "GET /mmlquery/fillin.php?filledfilename=author_articles.mqt&argument=string'Riccardi,Marco' HTTP/1.1" 200 12958 "http://mmlquery.mizar.org" "Mozilla/5.0 (Windows NT 10.0; Win64; x64) AppleWebKit/537.36 (KHTML, like Gecko) Chrome/54.0.2840.59 Safari/537.36"
68.168.100.72 - - [22/Oct/2016:19:07:38 +0200] "GET /cgi-bin/mmlquery/emacs_search?decode=list+of+th+from+cat_8&input=list+of+th+from+cat_8 HTTP/1.1" 200 399 "http://mmlquery.mizar.org" "Mozilla/5.0 (Windows NT 10.0; Win64; x64) AppleWebKit/537.36 (KHTML, like Gecko) Chrome/54.0.2840.59 Safari/537.36"
68.168.100.72 - - [22/Oct/2016:19:07:38 +0200] "GET /cgi-bin/mmlquery/emacs_search?decode=list+of+def+from+cat_8&input=list+of+def+from+cat_8 HTTP/1.1" 200 401 "http://mmlquery.mizar.org" "Mozilla/5.0 (Windows NT 10.0; Win64; x64) AppleWebKit/537.36 (KHTML, like Gecko) Chrome/54.0.2840.59 Safari/537.36"
68.168.103.200 - - [22/Oct/2016:19:07:39 +0200] "GET /cgi-bin/mmlquery/emacs_search?decode=list+of+sch+from+cat_8&input=list+of+sch+from+cat_8 HTTP/1.1" 200 401 "http://mmlquery.mizar.org" "Mozilla/5.0 (Windows NT 10.0; Win64; x64) AppleWebKit/537.36 (KHTML, like Gecko) Chrome/54.0.2840.59 Safari/537.36"
68.168.100.72 - - [22/Oct/2016:19:07:39 +0200] "GET /cgi-bin/mmlquery/emacs_search?decode=list+of+reg+from+cat_8&input=list+of+reg+from+cat_8 HTTP/1.1" 200 401 "http://mmlquery.mizar.org" "Mozilla/5.0 (Windows NT 10.0; Win64; x64) AppleWebKit/537.36 (KHTML, like Gecko) Chrome/54.0.2840.59 Safari/537.36"
68.168.100.72 - - [22/Oct/2016:19:07:39 +0200] "GET /mmlquery/gab/?version=5.33.1254&gab=cat_8 HTTP/1.1" 200 57 "http://mmlquery.mizar.org" "Mozilla/5.0 (Windows NT 10.0; Win64; x64) AppleWebKit/537.36 (KHTML, like Gecko) Chrome/54.0.2840.59 Safari/537.36"
68.168.100.72 - - [22/Oct/2016:19:07:39 +0200] "GET /cgi-bin/mmlquery/emacs_search?article=asympt_3&input=list+of+item+from+asympt_3 HTTP/1.1" 200 393 "http://mmlquery.mizar.org" "Mozilla/5.0 (Windows NT 10.0; Win64; x64) AppleWebKit/537.36 (KHTML, like Gecko) Chrome/54.0.2840.59 Safari/537.36"
68.168.103.200 - - [22/Oct/2016:19:07:39 +0200] "GET /fillin.php?filledfilename=author_articles.mqt&argument=string'Riccardi,Marco' HTTP/1.1" 200 9051 "http://mmlquery.mizar.org" "Mozilla/5.0 (Windows NT 10.0; Win64; x64) AppleWebKit/537.36 (KHTML, like Gecko) Chrome/54.0.2840.59 Safari/537.36"
68.168.100.72 - - [22/Oct/2016:19:07:40 +0200] "GET /mmlquery/fillin.php?filledfilename=phparticle.mqt&argument=article+asympt_3 HTTP/1.1" 200 166664 "http://mmlquery.mizar.org" "Mozilla/5.0 (Windows NT 10.0; Win64; x64) AppleWebKit/537.36 (KHTML, like Gecko) Chrome/54.0.2840.59 Safari/537.36"
68.168.103.200 - - [22/Oct/2016:19:07:40 +0200] "GET /mmlquery/fillin.php?filledfilename=author_articles.mqt&argument=string'Okazaki,Hiroyuki' HTTP/1.1" 200 12962 "http://mmlquery.mizar.org" "Mozilla/5.0 (Windows NT 10.0; Win64; x64) AppleWebKit/537.36 (KHTML, like Gecko) Chrome/54.0.2840.59 Safari/537.36"
68.168.100.72 - - [22/Oct/2016:19:07:43 +0200] "GET /cgi-bin/mmlquery/emacs_search?decode=list+of+th+from+asympt_3&input=list+of+th+from+asympt_3 HTTP/1.1" 200 405 "http://mmlquery.mizar.org" "Mozilla/5.0 (Windows NT 10.0; Win64; x64) AppleWebKit/537.36 (KHTML, like Gecko) Chrome/54.0.2840.59 Safari/537.36"
68.168.100.72 - - [22/Oct/2016:19:07:43 +0200] "GET /cgi-bin/mmlquery/emacs_search?decode=list+of+def+from+asympt_3&input=list+of+def+from+asympt_3 HTTP/1.1" 200 407 "http://mmlquery.mizar.org" "Mozilla/5.0 (Windows NT 10.0; Win64; x64) AppleWebKit/537.36 (KHTML, like Gecko) Chrome/54.0.2840.59 Safari/537.36"
68.168.103.200 - - [22/Oct/2016:19:07:43 +0200] "GET /cgi-bin/mmlquery/emacs_search?decode=list+of+sch+from+asympt_3&input=list+of+sch+from+asympt_3 HTTP/1.1" 200 407 "http://mmlquery.mizar.org" "Mozilla/5.0 (Windows NT 10.0; Win64; x64) AppleWebKit/537.36 (KHTML, like Gecko) Chrome/54.0.2840.59 Safari/537.36"
68.168.100.72 - - [22/Oct/2016:19:07:43 +0200] "GET /cgi-bin/mmlquery/emacs_search?decode=list+of+reg+from+asympt_3&input=list+of+reg+from+asympt_3 HTTP/1.1" 200 407 "http://mmlquery.mizar.org" "Mozilla/5.0 (Windows NT 10.0; Win64; x64) AppleWebKit/537.36 (KHTML, like Gecko) Chrome/54.0.2840.59 Safari/537.36"
68.168.100.72 - - [22/Oct/2016:19:07:44 +0200] "GET /mmlquery/gab/?version=5.33.1254&gab=asympt_3 HTTP/1.1" 200 60 "http://mmlquery.mizar.org" "Mozilla/5.0 (Windows NT 10.0; Win64; x64) AppleWebKit/537.36 (KHTML, like Gecko) Chrome/54.0.2840.59 Safari/537.36"
68.168.100.72 - - [22/Oct/2016:19:07:44 +0200] "GET /cgi-bin/mmlquery/emacs_search?article=ring_3&input=list+of+item+from+ring_3 HTTP/1.1" 200 389 "http://mmlquery.mizar.org" "Mozilla/5.0 (Windows NT 10.0; Win64; x64) AppleWebKit/537.36 (KHTML, like Gecko) Chrome/54.0.2840.59 Safari/537.36"
68.168.103.200 - - [22/Oct/2016:19:07:43 +0200] "GET /fillin.php?filledfilename=author_articles.mqt&argument=string'Okazaki,Hiroyuki' HTTP/1.1" 200 9051 "http://mmlquery.mizar.org" "Mozilla/5.0 (Windows NT 10.0; Win64; x64) AppleWebKit/537.36 (KHTML, like Gecko) Chrome/54.0.2840.59 Safari/537.36"
68.168.101.18 - - [22/Oct/2016:19:07:45 +0200] "GET http://mmlquery.mizar.org/cgi-bin/mmlquery/emacs_search?cgi=/cgi-bin/mmlquery/meaning&input=list+of+article+ordered+by+historical+order+reversed+select+0-29 HTTP/1.0" 200 415 "http://mmlquery.mizar.org" "Mozilla/5.0 (Windows NT 10.0; Win64; x64) AppleWebKit/537.36 (KHTML, like Gecko) Chrome/54.0.2840.59 Safari/537.36"
68.168.100.72 - - [22/Oct/2016:19:07:44 +0200] "GET /mmlquery/fillin.php?filledfilename=phparticle.mqt&argument=article+ring_3 HTTP/1.1" 200 683658 "http://mmlquery.mizar.org" "Mozilla/5.0 (Windows NT 10.0; Win64; x64) AppleWebKit/537.36 (KHTML, like Gecko) Chrome/54.0.2840.59 Safari/537.36"
68.168.103.200 - - [22/Oct/2016:19:07:45 +0200] "GET /mmlquery/fillin.php?filledfilename=author_articles.mqt&argument=string'Kornilowicz,Artur' HTTP/1.1" 200 12964 "http://mmlquery.mizar.org" "Mozilla/5.0 (Windows NT 10.0; Win64; x64) AppleWebKit/537.36 (KHTML, like Gecko) Chrome/54.0.2840.59 Safari/537.36"
68.168.103.200 - - [22/Oct/2016:19:07:47 +0200] "GET /cgi-bin/mmlquery/emacs_search?decode=list+of+def+from+ring_3&input=list+of+def+from+ring_3 HTTP/1.1" 200 403 "http://mmlquery.mizar.org" "Mozilla/5.0 (Windows NT 10.0; Win64; x64) AppleWebKit/537.36 (KHTML, like Gecko) Chrome/54.0.2840.59 Safari/537.36"
68.168.103.200 - - [22/Oct/2016:19:07:48 +0200] "GET /cgi-bin/mmlquery/emacs_search?decode=list+of+sch+from+ring_3&input=list+of+sch+from+ring_3 HTTP/1.1" 200 403 "http://mmlquery.mizar.org" "Mozilla/5.0 (Windows NT 10.0; Win64; x64) AppleWebKit/537.36 (KHTML, like Gecko) Chrome/54.0.2840.59 Safari/537.36"
68.168.100.72 - - [22/Oct/2016:19:07:48 +0200] "GET /cgi-bin/mmlquery/emacs_search?decode=list+of+reg+from+ring_3&input=list+of+reg+from+ring_3 HTTP/1.1" 200 403 "http://mmlquery.mizar.org" "Mozilla/5.0 (Windows NT 10.0; Win64; x64) AppleWebKit/537.36 (KHTML, like Gecko) Chrome/54.0.2840.59 Safari/537.36"
68.168.103.200 - - [22/Oct/2016:19:07:48 +0200] "GET /fillin.php?filledfilename=author_articles.mqt&argument=string'Kornilowicz,Artur' HTTP/1.1" 200 9051 "http://mmlquery.mizar.org" "Mozilla/5.0 (Windows NT 10.0; Win64; x64) AppleWebKit/537.36 (KHTML, like Gecko) Chrome/54.0.2840.59 Safari/537.36"
68.168.100.72 - - [22/Oct/2016:19:07:48 +0200] "GET /fillin.php?filledfilename=author_articles.mqt&argument=string'Schwarzweller,Christoph' HTTP/1.1" 200 9051 "http://mmlquery.mizar.org" "Mozilla/5.0 (Windows NT 10.0; Win64; x64) AppleWebKit/537.36 (KHTML, like Gecko) Chrome/54.0.2840.59 Safari/537.36"
68.168.103.200 - - [22/Oct/2016:19:07:50 +0200] "GET /mmlquery/gab/?version=5.33.1254&gab=ring_3 HTTP/1.1" 200 58 "http://mmlquery.mizar.org" "Mozilla/5.0 (Windows NT 10.0; Win64; x64) AppleWebKit/537.36 (KHTML, like Gecko) Chrome/54.0.2840.59 Safari/537.36"
68.168.103.200 - - [22/Oct/2016:19:07:50 +0200] "GET /cgi-bin/mmlquery/emacs_search?article=peterson&input=list+of+item+from+peterson HTTP/1.1" 200 393 "http://mmlquery.mizar.org" "Mozilla/5.0 (Windows NT 10.0; Win64; x64) AppleWebKit/537.36 (KHTML, like Gecko) Chrome/54.0.2840.59 Safari/537.36"
68.168.100.72 - - [22/Oct/2016:19:07:50 +0200] "GET /mmlquery/fillin.php?filledfilename=phparticle.mqt&argument=article+peterson HTTP/1.1" 200 156797 "http://mmlquery.mizar.org" "Mozilla/5.0 (Windows NT 10.0; Win64; x64) AppleWebKit/537.36 (KHTML, like Gecko) Chrome/54.0.2840.59 Safari/537.36"
68.168.103.200 - - [22/Oct/2016:19:07:50 +0200] "GET /mmlquery/fillin.php?filledfilename=author_articles.mqt&argument=string'Ivanov,Ievgen' HTTP/1.1" 200 12956 "http://mmlquery.mizar.org" "Mozilla/5.0 (Windows NT 10.0; Win64; x64) AppleWebKit/537.36 (KHTML, like Gecko) Chrome/54.0.2840.59 Safari/537.36"
68.168.101.18 - - [22/Oct/2016:19:07:56 +0200] "GET http://mmlquery.mizar.org/cgi-bin/mmlquery/emacs_search?decode=list+of+th+from+ring_3&input=list+of+th+from+ring_3 HTTP/1.0" 200 401 "http://mmlquery.mizar.org" "Mozilla/5.0 (Windows NT 10.0; Win64; x64) AppleWebKit/537.36 (KHTML, like Gecko) Chrome/54.0.2840.59 Safari/537.36"
68.168.100.72 - - [22/Oct/2016:19:07:53 +0200] "GET /mmlquery/fillin.php?filledfilename=author_articles.mqt&argument=string'Nikitchenko,Mykola' HTTP/1.1" 200 12966 "http://mmlquery.mizar.org" "Mozilla/5.0 (Windows NT 10.0; Win64; x64) AppleWebKit/537.36 (KHTML, like Gecko) Chrome/54.0.2840.59 Safari/537.36"
68.168.103.200 - - [22/Oct/2016:19:07:53 +0200] "GET /mmlquery/fillin.php?filledfilename=author_articles.mqt&argument=string'Abraham,Uri' HTTP/1.1" 200 12952 "http://mmlquery.mizar.org" "Mozilla/5.0 (Windows NT 10.0; Win64; x64) AppleWebKit/537.36 (KHTML, like Gecko) Chrome/54.0.2840.59 Safari/537.36"
68.168.100.72 - - [22/Oct/2016:19:07:57 +0200] "GET /cgi-bin/mmlquery/emacs_search?decode=list+of+def+from+peterson&input=list+of+def+from+peterson HTTP/1.1" 200 407 "http://mmlquery.mizar.org" "Mozilla/5.0 (Windows NT 10.0; Win64; x64) AppleWebKit/537.36 (KHTML, like Gecko) Chrome/54.0.2840.59 Safari/537.36"
68.168.100.72 - - [22/Oct/2016:19:07:57 +0200] "GET /cgi-bin/mmlquery/emacs_search?decode=list+of+sch+from+peterson&input=list+of+sch+from+peterson HTTP/1.1" 200 407 "http://mmlquery.mizar.org" "Mozilla/5.0 (Windows NT 10.0; Win64; x64) AppleWebKit/537.36 (KHTML, like Gecko) Chrome/54.0.2840.59 Safari/537.36"
68.168.103.200 - - [22/Oct/2016:19:07:57 +0200] "GET /cgi-bin/mmlquery/emacs_search?decode=list+of+reg+from+peterson&input=list+of+reg+from+peterson HTTP/1.1" 200 407 "http://mmlquery.mizar.org" "Mozilla/5.0 (Windows NT 10.0; Win64; x64) AppleWebKit/537.36 (KHTML, like Gecko) Chrome/54.0.2840.59 Safari/537.36"
68.168.100.72 - - [22/Oct/2016:19:07:57 +0200] "GET /fillin.php?filledfilename=author_articles.mqt&argument=string'Abraham,Uri' HTTP/1.1" 200 9051 "http://mmlquery.mizar.org" "Mozilla/5.0 (Windows NT 10.0; Win64; x64) AppleWebKit/537.36 (KHTML, like Gecko) Chrome/54.0.2840.59 Safari/537.36"
68.168.103.200 - - [22/Oct/2016:19:07:57 +0200] "GET /fillin.php?filledfilename=author_articles.mqt&argument=string'Ivanov,Ievgen' HTTP/1.1" 200 9051 "http://mmlquery.mizar.org" "Mozilla/5.0 (Windows NT 10.0; Win64; x64) AppleWebKit/537.36 (KHTML, like Gecko) Chrome/54.0.2840.59 Safari/537.36"
68.168.103.200 - - [22/Oct/2016:19:08:00 +0200] "GET /mmlquery/gab/?version=5.33.1254&gab=peterson HTTP/1.1" 200 60 "http://mmlquery.mizar.org" "Mozilla/5.0 (Windows NT 10.0; Win64; x64) AppleWebKit/537.36 (KHTML, like Gecko) Chrome/54.0.2840.59 Safari/537.36"
68.168.103.200 - - [22/Oct/2016:19:08:00 +0200] "GET /cgi-bin/mmlquery/emacs_search?article=measure9&input=list+of+item+from+measure9 HTTP/1.1" 200 393 "http://mmlquery.mizar.org" "Mozilla/5.0 (Windows NT 10.0; Win64; x64) AppleWebKit/537.36 (KHTML, like Gecko) Chrome/54.0.2840.59 Safari/537.36"
68.168.100.72 - - [22/Oct/2016:19:07:59 +0200] "GET /fillin.php?filledfilename=author_articles.mqt&argument=string'Nikitchenko,Mykola' HTTP/1.1" 200 9051 "http://mmlquery.mizar.org" "Mozilla/5.0 (Windows NT 10.0; Win64; x64) AppleWebKit/537.36 (KHTML, like Gecko) Chrome/54.0.2840.59 Safari/537.36"
68.168.100.72 - - [22/Oct/2016:19:08:01 +0200] "GET /cgi-bin/mmlquery/emacs_search?decode=list+of+th+from+measure9&input=list+of+th+from+measure9 HTTP/1.1" 200 405 "http://mmlquery.mizar.org" "Mozilla/5.0 (Windows NT 10.0; Win64; x64) AppleWebKit/537.36 (KHTML, like Gecko) Chrome/54.0.2840.59 Safari/537.36"
68.168.100.72 - - [22/Oct/2016:19:08:01 +0200] "GET /cgi-bin/mmlquery/emacs_search?decode=list+of+def+from+measure9&input=list+of+def+from+measure9 HTTP/1.1" 200 407 "http://mmlquery.mizar.org" "Mozilla/5.0 (Windows NT 10.0; Win64; x64) AppleWebKit/537.36 (KHTML, like Gecko) Chrome/54.0.2840.59 Safari/537.36"
68.168.100.72 - - [22/Oct/2016:19:08:01 +0200] "GET /cgi-bin/mmlquery/emacs_search?decode=list+of+sch+from+measure9&input=list+of+sch+from+measure9 HTTP/1.1" 200 407 "http://mmlquery.mizar.org" "Mozilla/5.0 (Windows NT 10.0; Win64; x64) AppleWebKit/537.36 (KHTML, like Gecko) Chrome/54.0.2840.59 Safari/537.36"
68.168.103.200 - - [22/Oct/2016:19:08:00 +0200] "GET /mmlquery/fillin.php?filledfilename=phparticle.mqt&argument=article+measure9 HTTP/1.1" 200 273183 "http://mmlquery.mizar.org" "Mozilla/5.0 (Windows NT 10.0; Win64; x64) AppleWebKit/537.36 (KHTML, like Gecko) Chrome/54.0.2840.59 Safari/537.36"
68.168.100.72 - - [22/Oct/2016:19:08:01 +0200] "GET /cgi-bin/mmlquery/emacs_search?decode=list+of+reg+from+measure9&input=list+of+reg+from+measure9 HTTP/1.1" 200 407 "http://mmlquery.mizar.org" "Mozilla/5.0 (Windows NT 10.0; Win64; x64) AppleWebKit/537.36 (KHTML, like Gecko) Chrome/54.0.2840.59 Safari/537.36"
68.168.100.72 - - [22/Oct/2016:19:08:01 +0200] "GET /fillin.php?filledfilename=author_articles.mqt&argument=string'Endou,Noboru' HTTP/1.1" 200 9051 "http://mmlquery.mizar.org" "Mozilla/5.0 (Windows NT 10.0; Win64; x64) AppleWebKit/537.36 (KHTML, like Gecko) Chrome/54.0.2840.59 Safari/537.36"
68.168.100.72 - - [22/Oct/2016:19:08:03 +0200] "GET /mmlquery/gab/?version=5.33.1254&gab=measure9 HTTP/1.1" 200 60 "http://mmlquery.mizar.org" "Mozilla/5.0 (Windows NT 10.0; Win64; x64) AppleWebKit/537.36 (KHTML, like Gecko) Chrome/54.0.2840.59 Safari/537.36"
68.168.100.72 - - [22/Oct/2016:19:08:03 +0200] "GET /cgi-bin/mmlquery/emacs_search?article=zmodul07&input=list+of+item+from+zmodul07 HTTP/1.1" 200 393 "http://mmlquery.mizar.org" "Mozilla/5.0 (Windows NT 10.0; Win64; x64) AppleWebKit/537.36 (KHTML, like Gecko) Chrome/54.0.2840.59 Safari/537.36"
68.168.103.200 - - [22/Oct/2016:19:08:03 +0200] "GET /mmlquery/fillin.php?filledfilename=phparticle.mqt&argument=article+zmodul07 HTTP/1.1" 200 250223 "http://mmlquery.mizar.org" "Mozilla/5.0 (Windows NT 10.0; Win64; x64) AppleWebKit/537.36 (KHTML, like Gecko) Chrome/54.0.2840.59 Safari/537.36"
68.168.100.72 - - [22/Oct/2016:19:08:03 +0200] "GET /mmlquery/fillin.php?filledfilename=author_articles.mqt&argument=string'Futa,Yuichi' HTTP/1.1" 200 12952 "http://mmlquery.mizar.org" "Mozilla/5.0 (Windows NT 10.0; Win64; x64) AppleWebKit/537.36 (KHTML, like Gecko) Chrome/54.0.2840.59 Safari/537.36"
68.168.100.72 - - [22/Oct/2016:19:08:06 +0200] "GET /cgi-bin/mmlquery/emacs_search?decode=list+of+th+from+zmodul07&input=list+of+th+from+zmodul07 HTTP/1.1" 200 405 "http://mmlquery.mizar.org" "Mozilla/5.0 (Windows NT 10.0; Win64; x64) AppleWebKit/537.36 (KHTML, like Gecko) Chrome/54.0.2840.59 Safari/537.36"
68.168.103.200 - - [22/Oct/2016:19:08:06 +0200] "GET /cgi-bin/mmlquery/emacs_search?decode=list+of+def+from+zmodul07&input=list+of+def+from+zmodul07 HTTP/1.1" 200 407 "http://mmlquery.mizar.org" "Mozilla/5.0 (Windows NT 10.0; Win64; x64) AppleWebKit/537.36 (KHTML, like Gecko) Chrome/54.0.2840.59 Safari/537.36"
68.168.101.18 - - [22/Oct/2016:19:08:06 +0200] "GET http://mmlquery.mizar.org/cgi-bin/mmlquery/emacs_search?decode=list+of+th+from+peterson&input=list+of+th+from+peterson HTTP/1.0" 200 405 "http://mmlquery.mizar.org" "Mozilla/5.0 (Windows NT 10.0; Win64; x64) AppleWebKit/537.36 (KHTML, like Gecko) Chrome/54.0.2840.59 Safari/537.36"
68.168.100.72 - - [22/Oct/2016:19:08:06 +0200] "GET /cgi-bin/mmlquery/emacs_search?decode=list+of+sch+from+zmodul07&input=list+of+sch+from+zmodul07 HTTP/1.1" 200 407 "http://mmlquery.mizar.org" "Mozilla/5.0 (Windows NT 10.0; Win64; x64) AppleWebKit/537.36 (KHTML, like Gecko) Chrome/54.0.2840.59 Safari/537.36"
68.168.103.200 - - [22/Oct/2016:19:08:06 +0200] "GET /cgi-bin/mmlquery/emacs_search?decode=list+of+reg+from+zmodul07&input=list+of+reg+from+zmodul07 HTTP/1.1" 200 407 "http://mmlquery.mizar.org" "Mozilla/5.0 (Windows NT 10.0; Win64; x64) AppleWebKit/537.36 (KHTML, like Gecko) Chrome/54.0.2840.59 Safari/537.36"
68.168.103.200 - - [22/Oct/2016:19:08:07 +0200] "GET /mmlquery/gab/?version=5.33.1254&gab=zmodul07 HTTP/1.1" 200 60 "http://mmlquery.mizar.org" "Mozilla/5.0 (Windows NT 10.0; Win64; x64) AppleWebKit/537.36 (KHTML, like Gecko) Chrome/54.0.2840.59 Safari/537.36"
68.168.103.200 - - [22/Oct/2016:19:08:07 +0200] "GET /cgi-bin/mmlquery/emacs_search?article=fintopo7&input=list+of+item+from+fintopo7 HTTP/1.1" 200 393 "http://mmlquery.mizar.org" "Mozilla/5.0 (Windows NT 10.0; Win64; x64) AppleWebKit/537.36 (KHTML, like Gecko) Chrome/54.0.2840.59 Safari/537.36"
68.168.100.72 - - [22/Oct/2016:19:08:07 +0200] "GET /fillin.php?filledfilename=author_articles.mqt&argument=string'Shidama,Yasunari' HTTP/1.1" 200 9051 "http://mmlquery.mizar.org" "Mozilla/5.0 (Windows NT 10.0; Win64; x64) AppleWebKit/537.36 (KHTML, like Gecko) Chrome/54.0.2840.59 Safari/537.36"
68.168.100.72 - - [22/Oct/2016:19:08:08 +0200] "GET /cgi-bin/mmlquery/emacs_search?decode=list+of+th+from+fintopo7&input=list+of+th+from+fintopo7 HTTP/1.1" 200 405 "http://mmlquery.mizar.org" "Mozilla/5.0 (Windows NT 10.0; Win64; x64) AppleWebKit/537.36 (KHTML, like Gecko) Chrome/54.0.2840.59 Safari/537.36"
68.168.100.72 - - [22/Oct/2016:19:08:08 +0200] "GET /cgi-bin/mmlquery/emacs_search?decode=list+of+def+from+fintopo7&input=list+of+def+from+fintopo7 HTTP/1.1" 200 407 "http://mmlquery.mizar.org" "Mozilla/5.0 (Windows NT 10.0; Win64; x64) AppleWebKit/537.36 (KHTML, like Gecko) Chrome/54.0.2840.59 Safari/537.36"
